8537
What are the prime factors of 3229991155?
5, 181, 3569051
List the prime factors of 481463064.
2, 3, 6686987
What are the prime factors of 50182481?
23, 1259, 1733
List the prime factors of 1701427632.
2, 3, 35446409
List the prime factors of 123586974.
2, 3, 7, 17, 57697
List the prime factors of 746561517.
3, 13, 19142603
What are the prime factors of 189675168?
2, 3, 311, 6353
List the prime factors of 565702387.
17, 47, 227, 3119
List the prime factors of 26116837.
26116837
What are the prime factors of 55094673?
3, 18364891
List the prime factors of 484093808.
2, 11, 101, 113, 241
What are the prime factors of 9504193051?
593, 16027307
List the prime factors of 1498078706.
2, 397, 1886749
What are the prime factors of 971678106?
2, 3, 7, 41, 20899
What are the prime factors of 650994355?
5, 11, 2099, 5639
What are the prime factors of 5659952307?
3, 17, 110979457
List the prime factors of 2764463836.
2, 691115959
List the prime factors of 382516877.
382516877
List the prime factors of 7756773522.
2, 3, 19, 68041873
What are the prime factors of 531873999?
3, 3877, 5081
List the prime factors of 654230405.
5, 130846081
List the prime factors of 38569450.
2, 5, 771389
List the prime factors of 2806572445.
5, 31, 2593, 6983
What are the prime factors of 6623844507?
3, 7, 79, 569, 2339
What are the prime factors of 1658617572?
2, 3, 61, 797, 2843
List the prime factors of 2966805656.
2, 370850707
What are the prime factors of 121168170?
2, 3, 5, 103, 4357
What are the prime factors of 1337060330?
2, 5, 133706033
What are the prime factors of 1257017547?
3, 419005849
What are the prime factors of 1342567578?
2, 3, 11, 20341933
What are the prime factors of 32182998?
2, 3, 19, 282307
List the prime factors of 50220988.
2, 37, 339331
List the prime factors of 9403703.
17, 373, 1483
List the prime factors of 221653366.
2, 11, 233, 3931
List the prime factors of 510239731.
37, 13790263
List the prime factors of 12808895.
5, 11, 463, 503
List the prime factors of 1391673962.
2, 7, 19, 5231857
List the prime factors of 1286333797.
7, 53, 65419
What are the prime factors of 415090628?
2, 103772657
List the prime factors of 156788730.
2, 3, 5, 7, 1693
What are the prime factors of 237646632?
2, 3, 139, 71237
List the prime factors of 7378580.
2, 5, 11, 3049
List the prime factors of 913393903.
913393903
List the prime factors of 92309922.
2, 3, 1709443
What are the prime factors of 434437751?
11, 31, 1274011
What are the prime factors of 4008698607?
3, 43, 31075183
What are the prime factors of 491709192?
2, 3, 13, 1575991
List the prime factors of 6496521132.
2, 3, 1237, 437653
List the prime factors of 1686174336.
2, 3, 7, 11, 19009
List the prime factors of 72726555.
3, 5, 11, 367, 1201
List the prime factors of 1314462896.
2, 1609, 51059
List the prime factors of 689446041.
3, 229815347
List the prime factors of 102540719.
17, 1451, 4157
What are the prime factors of 1031518888?
2, 157, 199, 4127
What are the prime factors of 55819168?
2, 313, 5573
List the prime factors of 3271235115.
3, 5, 17, 353, 36341
List the prime factors of 119577042.
2, 3, 13, 511013
What are the prime factors of 140153374?
2, 211, 332117
What are the prime factors of 1133785019?
1133785019
What are the prime factors of 920152286?
2, 577, 797359
What are the prime factors of 109852829?
1129, 97301
What are the prime factors of 20349378?
2, 3, 7, 161503
List the prime factors of 3223759630.
2, 5, 7, 13, 3542593
What are the prime factors of 5600446955?
5, 1120089391
List the prime factors of 664515049.
11, 2239, 26981
What are the prime factors of 2518864110?
2, 3, 5, 7, 41, 13931
List the prime factors of 7019718967.
19, 369458893
What are the prime factors of 38296513?
179, 213947
List the prime factors of 56942776.
2, 11, 29, 53, 421
What are the prime factors of 871222606?
2, 6571, 66293
List the prime factors of 3634989937.
271, 293, 45779
List the prime factors of 67794776.
2, 7, 17, 59, 71
What are the prime factors of 18082420?
2, 5, 904121
What are the prime factors of 77371587?
3, 8596843
What are the prime factors of 238961443?
7, 2411, 14159
List the prime factors of 93596145.
3, 5, 53, 117731
List the prime factors of 572772562.
2, 29, 9875389
What are the prime factors of 1139281005?
3, 5, 97, 783011
What are the prime factors of 49417173?
3, 13, 422369
List the prime factors of 1936108808.
2, 242013601
List the prime factors of 462707758.
2, 2099, 110221
List the prime factors of 626134199.
626134199
What are the prime factors of 88099814?
2, 11, 17, 103, 2287
List the prime factors of 875005558.
2, 7, 421, 148457
What are the prime factors of 396644939?
396644939
What are the prime factors of 626073619?
626073619
List the prime factors of 1058803258.
2, 179, 487, 6073
List the prime factors of 38122946.
2, 4271, 4463
What are the prime factors of 679172567?
679172567
What are the prime factors of 8972527255?
5, 1794505451
What are the prime factors of 212091502?
2, 7, 367, 5897
What are the prime factors of 1057580673?
3, 113, 3119707
What are the prime factors of 469952003?
67, 7014209
What are the prime factors of 2996724?
2, 3, 249727
What are the prime factors of 1347514131?
3, 149, 3014573
What are the prime factors of 923261732?
2, 4789, 48197
List the prime factors of 257232393.
3, 11, 19, 136753
List the prime factors of 170313035.
5, 37, 113, 8147
List the prime factors of 121808400.
2, 3, 5, 7, 17, 853
What are the prime factors of 7531507021?
23, 327456827
What are the prime factors of 34152374?
2, 17076187
What are the prime factors of 4802851825?
5, 19, 10111267
What are the prime factors of 75604903?
11, 6873173
What are the prime factors of 1742050173?
3, 73, 1049, 7583
What are the prime factors of 5273964?
2, 3, 47, 1039
What are the prime factors of 3507518524?
2, 257, 1289, 2647
What are the prime factors of 176189697?
3, 19576633
What are the prime factors of 4265100857?
509, 8379373
List the prime factors of 34508980.
2, 5, 11, 17, 9227
List the prime factors of 187433048.
2, 11, 73, 163, 179
List the prime factors of 205964661.
3, 7, 229, 42829
List the prime factors of 63102432.
2, 3, 23, 28579
What are the prime factors of 110245022?
2, 3767, 14633
List the prime factors of 2582490480.
2, 3, 5, 37, 290821
What are the prime factors of 619058226?
2, 3, 103176371
List the prime factors of 47174160.
2, 3, 5, 11, 107, 167
List the prime factors of 2622161526.
2, 3, 437026921
What are the prime factors of 434468497?
19, 22866763
List the prime factors of 72506644.
2, 7, 31, 103, 811
List the prime factors of 272150214.
2, 3, 7, 23, 167, 241
List the prime factors of 4943641.
4943641
What are the prime factors of 85697247?
3, 28565749
List the prime factors of 83888989.
83888989
What are the prime factors of 1190402676?
2, 3, 1063, 10369
List the prime factors of 996067461.
3, 332022487
List the prime factors of 146481059.
29, 307, 16453
What are the prime factors of 47995353?
3, 7, 43, 2531
What are the prime factors of 23464196?
2, 7, 131, 6397
What are the prime factors of 463289684?
2, 11, 13, 163, 4969
List the prime factors of 194548445.
5, 7, 13, 427579
List the prime factors of 296319019.
7817, 37907
List the prime factors of 310250255.
5, 7, 17, 521429
List the prime factors of 93669438.
2, 3, 1579, 9887
What are the prime factors of 111328871?
179, 331, 1879
What are the prime factors of 829477508?
2, 89, 397, 5869
What are the prime factors of 223672140?
2, 3, 5, 1242623
List the prime factors of 44788271.
11, 89, 4159
List the prime factors of 2159667631.
11, 1231, 159491
What are the prime factors of 22993711?
13, 1768747
List the prime factors of 3314590966.
2, 1657295483
What are the prime factors of 755209189?
7, 107887027
List the prime factors of 73000869.
3, 19, 41, 31237
What are the prime factors of 856536800?
2, 5, 7, 152953
List the prime factors of 266516737.
311, 389, 2203
List the prime factors of 140323288.
2, 7, 2505773
What are the prime factors of 179746837?
43, 97213
What are the prime factors of 327758320?
2, 5, 73, 56123
What are the prime factors of 3780763957?
53, 61, 419, 2791
List the prime factors of 186843727.
7, 31, 861031
List the prime factors of 289034046.
2, 3, 7, 43, 7621
List the prim